s - 4*s + 169 - 841. Calculate the remainder when 287 is divided by s.
95
Let a = 17 + -10. Calculate the remainder when 1304/12 + ((-12)/(-27))/((-9)/(-27)) is divided by a.
5
Let v = -2356 - -2602. Calculate the remainder when 739 is divided by v.
1
Let g = 1343 - 1300. Calculate the remainder when 193 is divided by g.
21
Let n(u) = u**2 - 8 - 5 + 136*u - 121*u. Let m be n(-16). Suppose m*b + l - 43 = 2*b, 0 = 3*b + 5*l - 133. What is the remainder when 203 is divided by b?
39
Suppose w + 52 = -2*f, -5*w + f + 0*f = 260. Let r = -48 - w. Suppose 2*m + 2*k - 24 = 0, -r*m + 2*k - 19 = -85. Calculate the remainder when m is divided by 3.
0
Let f = 2626 - 2340. Suppose 28*j - 29*j = -36. What is the remainder when f is divided by j?
34
Suppose 11*i - 22*i = -35*i + 6456. What is the remainder when i is divided by 223?
46
Let d = 16691 + -9972. Calculate the remainder when d is divided by 105.
104
Let z(n) = 68*n**2 + 2*n - 1. Let d(k) = -11*k**2 + 208*k + 54. What is the remainder when z(1) is divided by d(19)?
34
Suppose 88 = 3*p + 5*f, -p + 18 = 107*f - 111*f. Calculate the remainder when 226 is divided by p.
18
Let d be (-4 - 65/(-20)) + (-1034)/8. What is the remainder when 214 is divided by (-109)/(-5) - 26/d?
16
Let n = 466 + -475. What is the remainder when 22/((-1254)/(-138) + n) is divided by 59?
17
Suppose 0*t = -3*t + 153. Suppose -164*l - 194*l - 9504 = -454*l. Calculate the remainder when l is divided by t.
48
Let r = 340 - 224. Let m = r + -100. What is the remainder when 174 is divided by m?
14
Let k(g) = 9*g**2 + 4*g - 10. Let r(q) = 18*q**2 + 6*q - 19. Let a(i) = -11*k(i) + 6*r(i). What is the remainder when 36*3/1 - -2 is divided by a(2)?
14
Let l = 3696 + -3684. What is the remainder when 201 is divided by l?
9
Let z = 25560 - 25450. Calculate the remainder when 1646 is divided by z.
106
Suppose -112*k + 307210 = -81*k. What is the remainder when k is divided by 23?
20
Let o = 339 + -582. Let l = -193 - o. What is the remainder when l is divided by 13?
11
Suppose -3214*j - 945 = -3249*j. Calculate the remainder when 2510 is divided by j.
26
What is the remainder when -4*(407/(-11) - -3) is divided by 67?
2
Let n(t) = -t**2 + 2*t - 211. Let a be n(0). Let b = a - -231. What is the remainder when 30 is divided by b?
10
Let c(d) = -7 - 45*d + 13 - 13*d - 10. Let t be c(-1). Let w = -41 + t. What is the remainder when 23 is divided by w?
10
Suppose -14*z = -59 - 249. Suppose -f - 17 = -z, 105 = 2*n - f. What is the remainder when 767 is divided by n?
52
Suppose 4*q - 3*h - 5549 = 0, -2*h - 1381 = -6*q + 5*q. What is the remainder when q is divided by 16?
15
What is the remainder when 430 is divided by (7056/(-39))/(-7) + 4/26?
14
Suppose 3*g - 6*g = -3, -2*q - g = -229. Let d(y) = 8 - 1 - 75*y + 6 + 85*y - y**2. What is the remainder when q is divided by d(8)?
27
Let f(h) = -h**3 - 7*h**2 + 4*h. Let u be f(-8). Suppose -408 = 14*x + 10*x. Let t = x + u. What is the remainder when t is divided by 9?
6
Let g(v) = -v**3 - 5*v**2 + 10*v + 3. Let o be g(-5). Let l = -36 - o. Calculate the remainder when l is divided by (18/4)/(-6 + 150/20).
2
Let h = -40290 - -41059. What is the remainder when h is divided by 196?
181
Let p = 36 + -37. Let c(w) = 3*w**2 - 2*w - 2. Let f be c(p). Suppose -3*s + f*q = -39, -3*s + 4 = 3*q - 35. What is the remainder when 37 is divided by s?
11
Suppose -10*j = -130*j + 77160. What is the remainder when j is divided by 65?
58
Suppose -30 = -9*z + 4*z. Let c(w) = 15*w - 209. Calculate the remainder when c(21) is divided by z.
4
Let n(d) = -2*d - 95. Let c be n(0). Let s = c + 95. Suppose -5*h + 864 - 284 = s. What is the remainder when h is divided by 30?
26
Suppose 26*z = -3109 + 5891. Calculate the remainder when z is divided by (-4)/2 - 1 - -25.
19
Let b = 2063 - 1966. What is the remainder when 278 is divided by b?
84
Let t(k) = -k**2 + 30*k - 163. Let j = -54 - -87. What is the remainder when t(16) is divided by j?
28
Let v(g) be the third derivative of -g**6/120 + 11*g**4/24 + 4*g**3/3 + 75*g**2. What is the remainder when 131 is divided by v(-4)?
19
Let y be 2 + -2 + (-12)/(-3). Suppose -t - 21 = -y*t. Suppose -c = -5*v - 6, 5*v + 56 - 180 = -4*c. Calculate the remainder when c is divided by t.
5
Suppose -1949 - 927 = 3*x - m, 8 = 4*m. Let c = 1000 + x. Calculate the remainder when 68 is divided by c.
26
Let f(k) = 2*k**2 + 4*k - 1. Let q be f(-6). Let d = 34 + q. Suppose d = -4*r + 7*r. What is the remainder when 159 is divided by r?
24
Let x be (-27)/(-6)*10/9. Suppose x*s - 562 = 378. Calculate the remainder when s is divided by 41.
24
Let c be 2 + ((-25)/5)/1. Let d(l) = -6*l**3 - l**2 - 4*l - 5. What is the remainder when d(c) is divided by 27?
25
Let b(k) = k**2 + 3*k + 99. Let d = 74 + -74. What is the remainder when b(d) is divided by 23?
7
Suppose -35*d - 423 = -1893. Calculate the remainder when 165 is divided by d.
39
Let j(c) = -4*c**2 + 2*c + 5*c - 4 - c**3 - 32*c - c**2. Calculate the remainder when j(-4) is divided by 12.
8
Let p = -282 - -270. Calculate the remainder when 115 is divided by 2/p + 635/30.
10
Suppose -r - 3*k - 154 = 0, 148 = 11*r - 12*r + 3*k. Let a = -127 - r. What is the remainder when 94 is divided by a?
22
Let r = 21 + 70. What is the remainder when r is divided by 22/4*6/1?
25
Let h(p) = 474*p - 2181. What is the remainder when h(6) is divided by 25?
13
Let d = 11321 + 3191. What is the remainder when d is divided by 19?
15
Suppose -3*n = 19 + 161. Let d = n - -27. Calculate the remainder when 21*(3 + -2 + d/(-9)) is divided by 33.
32
Let a = -7260 + 7308. Calculate the remainder when 2444 is divided by a.
44
Suppose 527*u - 529*u = 2*s - 466, -2*s - s = 0. What is the remainder when 1237 is divided by u?
72
Suppose -4*v = 5*q - 226 - 917, -4*q - 578 = -2*v. Let n = v - 146. What is the remainder when n is divided by 8?
5
Let x = -10633 - -13231. Calculate the remainder when x is divided by 42.
36
Let m(n) = 18 + 5 - n - 9. Calculate the remainder when 53 is divided by m(-7).
11
Suppose 13*h = 43*h + 60. What is the remainder when 16 is divided by (15/h*160/120)/(-2)?
1
Let o(m) = m**2 + 12*m - 109. What is the remainder when o(-39) is divided by 1*(17 - 0) + -2?
14
Suppose 0 = 7*h - 19*h + 24. Let j(u) = 18*u**3 - 3*u**2 + 3*u + 2. Calculate the remainder when j(h) is divided by 36.
32
Let o = -213 + 235. Calculate the remainder when 474 is divided by o.
12
Let d = -5506 - -5553. Calculate the remainder when 132 is divided by d.
38
Suppose -3*t = -4 - 107. Calculate the remainder when 9660/100 + 4/10 is divided by t.
23
Let h(g) = 30*g**2 + 6*g - 9. Let v be h(2). Let z = 463 - v. Calculate the remainder when z is divided by 31.
30
Suppose o = 19 - 14. Suppose -o*w - 4*f + 18 = 0, 3*w - 3 = 2*w - f. Let g(i) = -i**3 + 4*i**2 + 3*i + 2. What is the remainder when g(4) is divided by w?
2
Suppose 4*h + 0*h = -4, -5*h + 1 = i. Let s = 9 + 24. What is the remainder when i/(-9)*3 + 99 is divided by s?
31
Calculate the remainder when (-19936)/(-476) + -42 + 26524/34 is divided by 71.
70
Let t = -1 + 34. Suppose t*w + 146 = 31*w. What is the remainder when w/(-1) + 13 + -10 is divided by 20?
16
Let i(l) = 6*l + 2. Calculate the remainder when ((-376)/16)/(-1) + 29/(-58) is divided by i(2).
9
Let k = 171 - 191. Calculate the remainder when 49 is divided by -5 + 4 + -1 - (k - -3).
4
Let u be (1 + -1)/(-4*12/24). Suppose u = i + 2*v - 67, v + 2*v - 71 = -i. Let b(z) = -z**2 + 10*z - 4. Calculate the remainder when i is divided by b(6).
19
Let z(f) = -f**3 + f**2 + 2. Let j be z(-3). Suppose 2*x = j - 30. Suppose -x*l + 0*l = -152. Calculate the remainder when l is divided by 20.
18
Let h(v) = -6*v**3 + 13*v**2 - 2*v + 58. Calculate the remainder when h(-6) is divided by 41.
30
Suppose 0*g + 8 = 4*g, 2*m - 4*g + 6 = 0. Let r be m/(-2) - 385/(-14). Suppose -34*x = -31*x - r. Calculate the remainder when 29 is divided by x.
2
Let r = -94 - -86. Let w be (-15 + r)/(2*3/18). Let a = 73 + w. Calculate the remainder when 10 is divided by a.
2
Let i(y) = 12*y**2 + 34*y - 29. Calculate the remainder when 617 is divided by i(-4).
23
Suppose -46*j = 13*j - 6*j - 8056. Calculate the remainder when 506 is divided by j.
50
Let o(a) = -a + 7. Let i = -64 + 64. Suppose 0*x - 105 = -3*x 